**3 - 29*g**2 + 16*g + 25. Determine d(-10).
-35
Let m(q) = -q**2 - 4*q + 2. Give m(-4).
2
Let o(n) = -4*n**2 + 30*n - 12. Give o(7).
2
Let t(c) = -2*c**3 + 3*c**2 + 3*c - 4. Determine t(-2).
18
Let k(c) = 31*c + 5. Calculate k(-1).
-26
Let q(k) = 7*k + 20. Calculate q(-2).
6
Let v(z) = -z**3 + 104*z - 34. What is v(10)?
6
Let c(l) = -l + 16. Determine c(0).
16
Let f(w) = w**3 - 5*w**2 + 5*w - 1. Determine f(4).
3
Let n(d) = -d**3 - 11*d**2 + 16. What is n(-11)?
16
Let q(z) = z**3 + 2*z**2 - z. Give q(-3).
-6
Let f(g) = g**3 - 9*g**2 - 4*g + 3. Give f(9).
-33
Let f(k) = 3*k**2 + 3*k. What is f(-3)?
18
Let l(t) = t - 7. Determine l(-4).
-11
Let o(m) = m**3 + 18*m**2 - 2*m + 6. Determine o(-18).
42
Let l(f) = -2*f - 5. Calculate l(-7).
9
Let d(w) = -8*w + 22. Give d(3).
-2
Let m(u) = u**3 + 19*u**2 - 3*u + 5. What is m(-19)?
62
Let u(l) = 11*l - 4. Determine u(-3).
-37
Let d(s) = s**3 + 3*s**2 - 7*s - 5. Calculate d(-5).
-20
Let g(v) = v**3 + 2*v + 1. Calculate g(2).
13
Let o(j) = j**2 + 10*j - 21. What is o(-12)?
3
Let x(z) = -z**3 + 5*z**2 + 23*z + 16. Calculate x(8).
8
Let b(d) = -d**3 - 4*d**2 + 8*d + 5. What is b(-6)?
29
Let u(h) = -h**3 - 7*h**2 + 9*h + 6. Calculate u(-9).
87
Let i(w) = -w**2 - 3*w - 3. Calculate i(-3).
-3
Let s(g) = -25*g - 3. What is s(-2)?
47
Let w(s) = -s + 29. Calculate w(0).
29
Let q(k) = 5*k**2 + 12*k - 7. What is q(-4)?
25
Let d(f) = -21*f + 10. Determine d(5).
-95
Let z(i) = -2*i**3 + i**2 - 3*i + 2. Give z(2).
-16
Let q(n) = -2*n**2 - 5. What is q(2)?
-13
Let d(v) = -v**3 - 10*v**2 - 41*v - 76. Calculate d(-5).
4
Let b(w) = 7*w**2 - 19*w + 40. Give b(2).
30
Let o(a) = 9*a - 29. Calculate o(-4).
-65
Let f(j) = -j**2 + 20*j + 36. What is f(22)?
-8
Let c(x) = x**3 - 10*x**2 - 10*x - 9. What is c(11)?
2
Let o(p) = -p**2 + 12*p - 17. What is o(10)?
3
Let l(d) = d**3 - 4*d**2 + 3*d - 3. What is l(3)?
-3
Let l(c) = -2*c + 50. Give l(25).
0
Let g(x) = 3*x + 89. Calculate g(-15).
44
Let v(t) = -5*t**2 + 387*t - 158. Give v(77).
-4
Let d(t) = 4*t + 1. Give d(-2).
-7
Let b(i) = 19*i**2 - 9*i + 7. What is b(1)?
17
Let y(k) = k**3 + 8*k**2 + 10*k + 2. Calculate y(-6).
14
Let z(w) = -2*w + 12. Calculate z(-3).
18
Let i(a) = -7*a - 1. Give i(2).
-15
Let m(p) = 9*p + 9. What is m(-4)?
-27
Let p(u) = -u**3 - 9*u**2 - 12*u - 34. Determine p(-8).
-2
Let r(k) = -2*k + 22. What is r(9)?
4
Let r(x) = x**2 + x + 1. Determine r(-2).
3
Let y(s) = -s**3 + 14*s**2 + 13*s + 23. Calculate y(15).
-7
Let a(f) = f**2 + 5*f + 1. Give a(-4).
-3
Let n(c) = 2*c**2 + 28*c + 7. Calculate n(-14).
7
Let r(o) = -o**2 + 13*o + 6. Give r(11).
28
Let i(r) = -r**3 + 10*r**2 - 6*r - 2. What is i(9)?
25
Let m(g) = g**2 - 2*g + 7. Give m(5).
22
Let t(q) = -q**3 + 10*q**2 - 3*q + 11. Calculate t(10).
-19
Let l(a) = 11*a + 19. What is l(-2)?
-3
Let d(j) = 5*j - 6. Give d(6).
24
Let q(b) = -b - 23. Give q(-13).
-10
Let m(r) = -r**3 + 11*r**2 - 7*r - 23. Determine m(10).
7
Let a(o) = -2*o + 14. What is a(4)?
6
Let r(l) = -l**2 - 6*l - 9. What is r(-7)?
-16
Let q(o) = 16*o - 103. Determine q(7).
9
Let k(r) = -2*r**2 + 44*r + 44. Give k(23).
-2
Let o(y) = -5*y**2 - y + 8. What is o(-3)?
-34
Let o(a) = -9*a**2 + a + 1. What is o(-1)?
-9
Let i(c) = 3*c**2 - 24*c - 28. Calculate i(9).
-1
Let m(w) = -4*w**3 + 2*w**2 + 6*w + 4. Give m(-1).
4
Let l(c) = -c**2 + 13*c - 18. What is l(11)?
4
Let w(b) = -2*b + 6. What is w(-12)?
30
Let p(j) = -20*j - 2. Give p(1).
-22
Let x(d) = -d**3 + 2*d**2 + 86*d - 57. What is x(10)?
3
Let k(y) = -y**3 + 4*y**2 - 7*y + 18. Give k(3).
6
Let j(w) = -w**3 + 17*w**2 - 20*w + 8. Determine j(16).
-56
Let p(d) = -25*d + 4. Calculate p(3).
-71
Let c(s) = -s**3 - 15*s**2 + 19*s + 2. Determine c(-16).
-46
Let v(d) = d + 6. Give v(-11).
-5
Let y(t) = -65*t**2 - 4*t. Calculate y(1).
-69
Let r(g) = -g**3 + 10*g**2 - g + 11. Give r(10).
1
Let x(o) = o**2 - 3. Calculate x(0).
-3
Let a(s) = -7*s - 12. What is a(5)?
-47
Let n(p) = 10*p + 1. Give n(2).
21
Let t(n) = 8*n**2. Give t(1).
8
Let f(w) = -5*w**2 - 13*w. Give f(-5).
-60
Let s(v) = -2*v**2 + 13*v + 35. Determine s(11).
-64
Let g(q) = q**3 - 2*q**2 - 6*q + 13. What is g(5)?
58
Let s(z) = z**3 + 5*z**2 - 4*z. What is s(-4)?
32
Let g(f) = f + 14. Calculate g(-7).
7
Let u(n) = -n**3 + 5*n**2 + 7*n - 4. Calculate u(6).
2
Let t(b) = -2*b**2 + 32*b + 25. Calculate t(18).
-47
Let y(n) = n**3 + n**2 + 2*n + 2. What is y(-2)?
-6
Let j(f) = -f**3 - 54*f**2 + 109*f - 180. Determine j(-56).
-12
Let c(v) = -2*v**3 + 4*v**2 - 7*v + 2. Calculate c(2).
-12
Let o(v) = v**2 - 8*v + 8. Calculate o(8).
8
Let s(l) = 2*l**3 + 31*l**2 + 13*l - 24. Give s(-15).
6
Let k(x) = -x**2 + 11*x - 20. Calculate k(5).
10
Let s(i) = -6*i**3 + i**2 - 2*i + 1. What is s(-2)?
57
Let d(u) = u - 4. Determine d(0).
-4
Let g(n) = 11*n - 95. What is g(6)?
-29
Let l(r) = -r + 14. What is l(13)?
1
Let s(h) = -2*h**3 + 5*h**2 - 2*h - 4. Determine s(4).
-60
Let n(y) = 10*y + 66. What is n(-7)?
-4
Let i(g) = -12*g - 85. Determine i(-6).
-13
Let t(f) = -10*f**2 + 2*f + 1. What is t(-1)?
-11
Let k(h) = 3*h**2 - 12*h - 10. Calculate k(6).
26
Let f(v) = v**2 + v - 34. Give f(12).
122
Let u(t) = -2*t**3 - 16*t**2 - 28*t - 18. Give u(-6).
6
Let o(y) = y**3 + 5*y**2 - 5*y + 12. Calculate o(-6).
6
Let h(x) = x + 21. Determine h(-10).
11
Let s(z) = 3*z + 3. Calculate s(6).
21
Let l(w) = w + 43. Give l(-27).
16
Let p(d) = d**2 + 17*d - 18. Calculate p(-17).
-18
Let g(q) = -q**3 - 8*q**2 - q - 6. Give g(-8).
2
Let q(c) = -c**3 - 2. Give q(2).
-10
Let x(d) = 2*d + 2. What is x(-6)?
-10
Let x(l) = -15*l - 3. What is x(5)?
-78
Let k(c) = -c**3 + 6*c**2 + 4*c + 23. Calculate k(7).
2
Let v(r) = -r + 14. Calculate v(-10).
24
Let c(h) = 46*h - 143. Determine c(3).
-5
Let h(a) = -a**3 - 12*a**2 - 7*a - 90. What is h(-12)?
-6
Let i(t) = -22*t**2 + 2*t + 13. What is i(3)?
-179
Let v(s) = -s**3 + 3*s**2 + 6*s - 8. What is v(4)?
0
Let d(x) = 2*x - 7. Give d(0).
-7
Let f(b) = b**3 - 16*b**2 - 17*b - 9. What is f(17)?
-9
Let m(i) = -i**3 + 10*i**2 + 8*i - 7. Determine m(11).
-40
Let s(y) = 7*y - 5. Determine s(4).
23
Let u(w) = -w**3 - 16*w**2 + w + 22. What is u(-16)?
6
Let x(r) = 5*r + 16. Determine x(-7).
-19
Let n(u) = u**3 + u**2 - 5*u + 7. What is n(-3)?
4
Let l(h) = h**3 - 11*h**2 - 19*h + 67. Determine l(13).
158
Let x(q) = -3*q - 7. Calculate x(-4).
5
Let v(m) = -m**3 + 2*m**2 - m - 2. Calculate v(2).
-4
Let z(t) = -25*t - 13. Determine z(-2).
37
Let z(m) = 3*m + 19. Calculate z(8).
43
Let r(w) = -w - 10. What is r(-6)?
-4
Let w(o) = o**3 + 14*o**2 + 29*o + 3. Determine w(-12).
-57
Let r(u) = 2*u**2 + 10*u. Give r(-2).
-12
Let h(d) = 4*d**3 + 3*d**2 + d - 4. Determine h(-2).
-26
Let r(p) = p + 24. Calculate r(-12).
12
Let n(k) = -k**3 + 17*k**2 + 3*k - 58. Give n(17).
-7
Let k(z) = -z**3 + 9*z**2 + 20*z + 21. Calculate k(11).
-1
Let l(h) = h**3 - 7*h - 25. What is l(-3)?
-31
Let k(n) = -7*n - 5. Determine k(7).
-54
Let q(f) = f**2 + 12*f - 9. Determine q(-13).
4
Let q(k) = -47*k + 2. Calculate q(-2).
96
Let u(b) = b**2 - 2*b - 17. What is u(-4)?
7
Let a(q) = q**3 + 3*q**2 + q - 1. Determine a(-2).
1
Let t(z) = 9*z**2 + 9*z + 11. Give t(-1).
11
Let i(y) = -y**3 - 10*y**2 - 4*y + 2. Calculate i(-9).
-43
Let c(k) = -5*k + 25. What is c(7)?
-10
Let x(q) = 2*q + 16. Give x(-21).
-26
Let u(n) = -5*n - 23. Determine u(-10).
27
Let r(q) = -2*q**2 + 26*q - 6. Give r(12).
18
Let y(d) = d**2 + 2*d - 1. Determine y(3).
14
Let d(p) = 4*p**2 - p - 2. What is d(-1)?
3
Let v(x) = 22*x**2 + x - 1. Determine v(-1).
20
Let x(l) = -l**3 + 3*l**2 - 3*l - 2. What is x(0)?
-2
Let d(b) = b**3 - 4*b**2 - 6*b + 11. Determine d(5).
6
Let v(l) = -3*l + 19. Calculate v(7).
-2
Let g(f) = -5*f**2 - 11*f + 10. What is g(1)?
-6
Let o(c) = -c**2 - 31*c + 184. What is o(-36)?
4
Let d(t) = 7*t**2 + t - 10. Calculate d(2).
20
Let c(o) = -5*o**3 - 46*o**2 - 10*o - 4. Calculate c(-9).
5
Let k(t) = t + 32. Give k(-15).
17
Let k(l) = -2*l + 15. Determine k(-7).
29
Let r(i) = i**2 - 6*i - 1. Give r(5).
-6
Let i(j) = -4*j + 25. Give i(-4).
41
Let f(d) = -d**3 - 5*d**2 - 3*d - 32. Give f(-5).
-17
Let x(y) = 3*y**3 - y**2 + 3*y - 2. Determine x(1).
3
Let i(p) = -4*p**2 + 5*p - 6. What is i(2)?
-12
Let j(o) = -3*o**3 - 24*o**2 + 5*o + 33. What is j(-8)?
-7
Let g(x) = x**3 + 8*x**2 - 11*x. Determine g(-